uppose -8 = v*i - 14. Let k(u) = u + u**i + 2 - 1 + 1. What is k(0)?
2
Let u(d) be the second derivative of d**4/6 + d**3/3 + d**2/2 - d + 57. Determine u(-3).
13
Let n(w) = 7*w - 1. Let s be 52/12 + (-2)/(-3). Suppose -s*y + 31 = -3*q, -4*q - q = y + 5. Determine n(q).
-15
Let m(d) be the first derivative of d**5/10 + d**4/6 + d**2 - 7*d + 21. Let p(y) be the first derivative of m(y). Determine p(-2).
-6
Let y(r) = -1. Let f(m) = -m**2 + 2*m - 14. Let o(k) = -f(k) + y(k). Let b(h) be the first derivative of o(h). Calculate b(-4).
-10
Let j(c) = -c**2 - 7*c. Let g(a) = a**2 + 7*a + 1. Let f(q) = 5*g(q) + 4*j(q). Give f(-4).
-7
Let t(v) be the first derivative of 9*v**4/4 - 2*v**3/3 + v - 43. What is t(1)?
8
Let v(n) = 6*n + 1. Suppose -3*d + 23 = 5*t, 0*t + t = 2*d + 15. Let z(c) = 5*c + 1. Let q(x) = t*z(x) - 6*v(x). Give q(4).
-3
Let u = -1670 + 1664. Let m = 3 - -1. Let g(j) = j - j + m + j. What is g(u)?
-2
Let h(y) = y + 9. Let d = 5 + 0. Suppose 3*n - 3*i = 9, d*i + 11 + 4 = -5*n. Calculate h(n).
9
Let d be (-9)/15 + (-93)/(-5). Let h(s) = 9*s**2 + d*s - 15*s - 2 - 10*s**2. Determine h(3).
-2
Let i(y) = -3*y + 2*y + 132 - 139. Determine i(-10).
3
Let q(j) = -3*j + 8. Let f(s) = -s + 3. Let w be 1*(-3 - (-6)/1). Let t(m) = w*q(m) - 8*f(m). Calculate t(7).
-7
Let k(n) = n**3 + 13*n**2 + 12*n - 8. Let m be 1/(-2) - (-46)/(-4). Give k(m).
-8
Let p(b) be the second derivative of 1/12*b**4 + 12*b + 0*b**3 + 0*b**2 + 0. Calculate p(-5).
25
Let j(w) = 7*w**3 - 5*w**2 + 11*w + 7. Let a(r) = 11*r**3 - 4*r**2 + 12*r + 7. Let y(c) = -2*a(c) + 3*j(c). Calculate y(-8).
-1
Let i be (1 + 0)/(1/(-3)). Let j(d) = -1 + d**3 + d**2 + 0*d**3 + 12*d - 5*d + 0*d - 11*d. Determine j(i).
-7
Let f = 5 + 3. Let j(d) = 3*d + f + 0 - 5*d. Let u be ((-13 - -3) + 7)/((-2)/4). What is j(u)?
-4
Let g(s) = -15*s - 9. Let j(p) = 5*p + 3. Let n(a) = 3*g(a) + 8*j(a). Let u = 23 - 21. Suppose u*l - 6*l - 12 = 0. What is n(l)?
12
Suppose 4*n = -0*n - 20. Let k(y) = -13*y - 1. Let h(w) = 7*w + 1. Let a(i) = 2*h(i) + k(i). What is a(n)?
-4
Let s be ((-10)/(-30))/(191/48 + -4). Let h(b) = 2*b + 32. What is h(s)?
0
Let m(x) = -3*x**3 - 8*x**2 - 10*x - 7. Let c = -85 - -87. Let u(i) = 13*i**3 + 31*i**2 + 40*i + 27. Let t(l) = c*u(l) + 9*m(l). Calculate t(-9).
0
Let o(s) = s + 18 + 22 - 36. Give o(0).
4
Let s(z) = -9*z + 3. Suppose 3*p - 17 = -20. Let y(k) = -k + 2. Let w(n) = p*y(n) + s(n). Calculate w(1).
-7
Let t(o) = 5*o**2 - 1. Let v be t(1). Suppose v*s + 0 = -20. Let h(n) = -9*n - 34. Let y(m) = -3*m - 13. Let z(i) = 3*h(i) - 8*y(i). Determine z(s).
17
Let c(w) = -2*w**3 + 10*w**3 + 3*w**2 - 7*w**3 - 14*w + 17*w. What is c(-2)?
-2
Let v(g) = 2*g**3 + 5*g**2 + g - 1. Suppose -2*b + 117 = 101. Let w(p) = 5*p**3 + 14*p**2 + 4*p - 4. Let f(y) = b*v(y) - 3*w(y). What is f(3)?
1
Let l(q) be the first derivative of -q**3/3 - 3*q**2/2 - 4*q + 271. Determine l(-4).
-8
Let x = -484 + 498. Let g(v) = -v**3 + 15*v**2 - 17*v + 16. Determine g(x).
-26
Let r(n) = n**3 + 12*n**2 - 27*n + 18. Let g be r(-14). Let w(a) be the third derivative of a**5/60 - a**4/4 + a**3 - 4*a**2. Determine w(g).
-2
Let v be (1/2)/(((-85)/(-10))/17). Let z(k) = -23*k**3 + k - 1. Give z(v).
-23
Let w = 697 - 695. Let r(x) = -12*x**2 + 5*x - 5. Give r(w).
-43
Let v(f) = -f**3 - 12*f**2 - 12*f. Let z be v(-11). Let c(j) = -34*j - 21. Let q(g) = -7*g - 4. Let x(p) = z*q(p) - 2*c(p). Give x(-2).
16
Let d be (-45)/27 + (-1)/3 - 1. Let o(n) = -n**2 + n + 4. What is o(d)?
-8
Let p be (2 + (-2)/(-4))*(6 + -8). Let s(q) = -5*q - 3. What is s(p)?
22
Suppose -24*h + 25*h - 14 = 0. Let i(w) = 4*w + 3*w**2 + 30 - 14 - h + 0*w**2. Determine i(-3).
17
Let g = 1276 - 1261. Let l(t) = t**2 - 19*t + 63. What is l(g)?
3
Let c(n) = n**3 - 2*n**2 + 4*n - 3. Suppose -5*p = 4*w + 89, -3*w + 5*w = -p - 13. Let d = p + 23. Calculate c(d).
5
Suppose -p - u = -5*u - 10, 4*u = -8. Let g(i) = i**2 - 8 + 1 + 0*i**p + 6*i + 1. Suppose 2*k + 6 = -2*w, 0*k - k = -4. Determine g(w).
1
Let g(j) = -j**2 + 12*j - 10. Let m be g(8). Let n(d) = -d**2 + 21*d + 18. Give n(m).
-4
Let o(u) = -10 + 12 - 5 + 4*u. Give o(-6).
-27
Let r(u) be the first derivative of u**6/360 - u**5/30 - u**4/6 - 14*u**3/3 + 12. Let k(i) be the third derivative of r(i). Give k(6).
8
Let d(a) = 2*a**2 + 27*a + 65. Let t be d(-11). Let w(n) = n**2 - 11*n + 14. Determine w(t).
4
Let d(k) = 2 + 4 - k - 8 - 7. What is d(-6)?
-3
Let a(y) be the first derivative of -2 - 1/2*y**2 - y. Let o(w) = 2*w**2 + 9*w + 4. Let n be o(0). What is a(n)?
-5
Let m(b) = -2*b**2 + 5*b - 1. Suppose -5*i + 31 - 6 = 0. Suppose 15 = 5*y - i. Suppose 0 = -l + y. What is m(l)?
-13
Let n(h) = -h**3 - h**2 + h. Let f be n(1). Let k be 1 + (-8)/4 - f. Let x(u) be the first derivative of u**4/4 + u**3/3 - u**2/2 - 8*u - 16. Give x(k).
-8
Let i(q) = -14*q - 6. Let p(k) = 11*k + 5. Let z(t) = -4*i(t) - 5*p(t). Give z(10).
9
Let j(o) = -o**3 - 8*o**2 - 8*o. Let z be j(-7). Let s(u) = 0*u**2 + 13*u - u**2 - z - 14*u - 6*u. Calculate s(-7).
-7
Let y = 14 + -9. Let u(d) = 8*d**3 + 23*d**2 + 2*d + 11. Let f(n) = n**3 + 4*n**2 + 2. Let h(k) = -7*f(k) + u(k). Determine h(y).
7
Let c(b) be the first derivative of b**3/2 + 6*b - 6. Let t(r) be the first derivative of c(r). Let q(g) = -g**2 - 5*g - 1. Let u be q(-5). Determine t(u).
-3
Suppose 0 = -0*q + 2*q - 12. Suppose q*x - 2*x = -24. Let g(c) be the first derivative of c**4/4 + 7*c**3/3 + 4*c**2 + 5*c + 76. Calculate g(x).
-7
Let h(n) = n**2 - 6*n + 2. Let g be h(4). Let p(w) = -77 + 149 - 73 - 8*w + 0*w - w**2. Calculate p(g).
11
Let f(h) = -8*h**2 + 37*h - 84*h + 45*h - 1. What is f(-1)?
-7
Suppose -3*w + 4 = w. Suppose -3*i + 2*r - 5 = -2, -4*r + 14 = 2*i. Let l(v) = -2*v + 2*v - 8*v + 3*v + i. Calculate l(w).
-4
Let i(x) = -x**2 + 4*x + 10. Let t be 1274/286 - (-12)/22. Calculate i(t).
5
Let s(r) be the third derivative of -r**7/2520 - 7*r**6/720 - 7*r**5/120 - r**4/24 - 5*r**2. Let k(l) be the second derivative of s(l). What is k(-6)?
-1
Let u(p) = p**3 - 15*p**2 - 14*p - 18. Suppose 434*s = 415*s + 304. What is u(s)?
14
Let u(a) = a**3 + 2*a**2 - 5*a - 1. Suppose 1536 = -11*q + 27*q. Let l = q + -100. Calculate u(l).
-13
Suppose 72 = -4*o - o - 2*c, -5*c + 23 = -2*o. Let d = 14 + o. Let u(v) = 0 - 4 + 5*v - 2*v + d*v. Calculate u(-4).
-16
Let z(o) = 22. Let j(p) = -p + 93. Let c(w) = 2*j(w) - 9*z(w). Calculate c(-7).
2
Let j(u) = -6*u + 1. Let f(c) = 7*c - 1. Suppose 5*m + 37 = 2*w, m + 10 = -m. Let t(k) = w*j(k) + 5*f(k). Let q be 2 + 8 + 5 + (5 - 17). What is t(q)?
-2
Let q(w) = w**3 + 9*w**2 + w - 11. Suppose -41*b + 40*b - 42 = 5*d, -2*b = -d - 15. Give q(d).
-20
Let k(u) = -2*u**2 - 4*u - 3. Suppose 0 = 2*s - 4, 3*s - 2 - 13 = -3*z. Let y be (7 + -5)*(-3)/z. Give k(y).
-3
Let y be 36*(-4)/32*-4. Suppose -y*m + 30 = -13*m. Let l(w) = 7 - 3*w - w**3 + 5*w**2 + 3*w + 5*w. Determine l(m).
1
Suppose 29*p + 66 = 153. Let c(f) = -f**2 - f - 2. Give c(p).
-14
Let l(w) = w**2 - 12*w + 28. Suppose -2*r + 72 = 5*f + 46, 0 = -5*f + 10. Determine l(r).
-4
Let u(b) = b**3 - 4*b**2 + b - 4. Let h(j) = 2*j**3 - 4*j**2 + 4*j - 5. Let z = 128 + -126. Let q be h(z). Determine u(q).
-10
Let z(u) = -6*u + 12. Let d(y) = -10*y + 9. Let o(t) = -2*d(t) + 3*z(t). Determine o(-15).
-12
Suppose -5*a + 29 = -g, 0*a - a + 3*g + 17 = 0. Let b(j) = 0*j**2 - 7 + 3*j**2 + 0*j**2 - 5*j - 2*j**2. Calculate b(a).
-7
Let z(r) be the second derivative of -r**5/20 - r**4/3 + 4*r**3/3 + 2*r**2 - r. Suppose 3*f = 2*f + 22. Suppose 6*w = -8 - f. Calculate z(w).
-11
Let r(a) = -2*a**2 + 23*a - 6. Let z be r(11). Let o(t) = 7*t - 4 + 2*t + z. What is o(-1)?
-8
Let x(z) = z - 3*z + 10 - 32 + 22. What is x(9)?
-18
Let s(x) = -13*x + 4. Suppose 0 = w - 5*g - 9, 18 = -w + 3*g + 25. Determine s(w).
-48
Let k(z) = 9*z**2 + 4 - 4*z**2 - 14*z + 69*z**3 + 8 + 6*z**2 - 70*z**3. Determine k(10).
-28
Let q(b) = b**2 - 2*b. Let w be (-2)/11 + 70/22. Suppose 0 = -w*x + 3 + 3. Suppose 5*h - x*h = 12. Determine q(h).
8
Let r(n) = -11 - n**2 + n + 0*n**2 + 10*n. Determine r(8).
13
Let y(k) = 3*k**3 - 84*k**2 + 7. Let t be y(28). Let a(g) = -g**2 + 4*g + 22. Determine a(t).
1
Suppose 21 = -z - 2*z. Let h(x) = -x**3 - 9*x**2 - 13*x + 9. Let k be h(z). Let l(d) = -5*d**2 + 3*d. Calculate l(k).
-14
Let t(c) = -c**